{"id":11062,"date":"2022-02-09T18:36:29","date_gmt":"2022-02-09T18:36:29","guid":{"rendered":"https:\/\/tiendapl.com.ec\/?post_type=product&#038;p=11062"},"modified":"2024-07-23T16:39:20","modified_gmt":"2024-07-23T16:39:20","slug":"carro-a-bateria-rojo","status":"publish","type":"product","link":"https:\/\/tiendapl.com.ec\/index.php\/product\/carro-a-bateria-rojo\/","title":{"rendered":"Carro a Bater\u00eda Rojo"},"content":{"rendered":"","protected":false},"excerpt":{"rendered":"<p>Carro para ni\u00f1os. Control remoto. Regulaci\u00f3n de velocidad. Radio, Auxiliar, USB y mp3. Tiempo de carga 8 horas.<\/p>\n","protected":false},"featured_media":11063,"template":"","meta":[],"product_cat":[67],"product_tag":[],"_links":{"self":[{"href":"https:\/\/tiendapl.com.ec\/index.php\/wp-json\/wp\/v2\/product\/11062"}],"collection":[{"href":"https:\/\/tiendapl.com.ec\/index.php\/wp-json\/wp\/v2\/product"}],"about":[{"href":"https:\/\/tiendapl.com.ec\/index.php\/wp-json\/wp\/v2\/types\/product"}],"version-history":[{"count":5,"href":"https:\/\/tiendapl.com.ec\/index.php\/wp-json\/wp\/v2\/product\/11062\/revisions"}],"predecessor-version":[{"id":11556,"href":"https:\/\/tiendapl.com.ec\/index.php\/wp-json\/wp\/v2\/product\/11062\/revisions\/11556"}],"wp:featuredmedia":[{"embeddable":true,"href":"https:\/\/tiendapl.com.ec\/index.php\/wp-json\/wp\/v2\/media\/11063"}],"wp:attachment":[{"href":"https:\/\/tiendapl.com.ec\/index.php\/wp-json\/wp\/v2\/media?parent=11062"}],"wp:term":[{"taxonomy":"product_cat","embeddable":true,"href":"https:\/\/tiendapl.com.ec\/index.php\/wp-json\/wp\/v2\/product_cat?post=11062"},{"taxonomy":"product_tag","embeddable":true,"href":"https:\/\/tiendapl.com.ec\/index.php\/wp-json\/wp\/v2\/product_tag?post=11062"}],"curies":[{"name":"wp","href":"https:\/\/api.w.org\/{rel}","templated":true}]}}