{"id":12344,"date":"2022-10-15T21:52:24","date_gmt":"2022-10-15T21:52:24","guid":{"rendered":"https:\/\/tiendapl.com.ec\/?post_type=product&#038;p=12344"},"modified":"2026-05-03T19:31:09","modified_gmt":"2026-05-03T19:31:09","slug":"smart-tv-rca-32","status":"publish","type":"product","link":"https:\/\/tiendapl.com.ec\/index.php\/product\/smart-tv-rca-32\/","title":{"rendered":"Smart TV RCA 32&#8243; Google tv"},"content":{"rendered":"","protected":false},"excerpt":{"rendered":"<p>Modelo: 32HDRC. Cuenta con sistema Google TV, resoluci\u00f3n HD, en aplicaciones puedes disfrutar de las mejores pel\u00edculas en Netflix y los v\u00eddeos m\u00e1s interesantes en YouTube.<\/p>\n","protected":false},"featured_media":12345,"template":"","meta":[],"product_cat":[69,76],"product_tag":[96,94,91],"_links":{"self":[{"href":"https:\/\/tiendapl.com.ec\/index.php\/wp-json\/wp\/v2\/product\/12344"}],"collection":[{"href":"https:\/\/tiendapl.com.ec\/index.php\/wp-json\/wp\/v2\/product"}],"about":[{"href":"https:\/\/tiendapl.com.ec\/index.php\/wp-json\/wp\/v2\/types\/product"}],"version-history":[{"count":4,"href":"https:\/\/tiendapl.com.ec\/index.php\/wp-json\/wp\/v2\/product\/12344\/revisions"}],"predecessor-version":[{"id":17029,"href":"https:\/\/tiendapl.com.ec\/index.php\/wp-json\/wp\/v2\/product\/12344\/revisions\/17029"}],"wp:featuredmedia":[{"embeddable":true,"href":"https:\/\/tiendapl.com.ec\/index.php\/wp-json\/wp\/v2\/media\/12345"}],"wp:attachment":[{"href":"https:\/\/tiendapl.com.ec\/index.php\/wp-json\/wp\/v2\/media?parent=12344"}],"wp:term":[{"taxonomy":"product_cat","embeddable":true,"href":"https:\/\/tiendapl.com.ec\/index.php\/wp-json\/wp\/v2\/product_cat?post=12344"},{"taxonomy":"product_tag","embeddable":true,"href":"https:\/\/tiendapl.com.ec\/index.php\/wp-json\/wp\/v2\/product_tag?post=12344"}],"curies":[{"name":"wp","href":"https:\/\/api.w.org\/{rel}","templated":true}]}}