{"id":12616,"date":"2022-11-12T23:11:38","date_gmt":"2022-11-12T23:11:38","guid":{"rendered":"https:\/\/tiendapl.com.ec\/?post_type=product&#038;p=12616"},"modified":"2024-05-31T22:27:51","modified_gmt":"2024-05-31T22:27:51","slug":"carro-a-control-remoto","status":"publish","type":"product","link":"https:\/\/tiendapl.com.ec\/index.php\/product\/carro-a-control-remoto\/","title":{"rendered":"Carro a control remoto"},"content":{"rendered":"","protected":false},"excerpt":{"rendered":"<p data-spm-anchor-id=\"a2700.wholesale.0.i7.8fa95ca10TrYp5\">Coche de control remoto impermeable de alta calidad, alimentado por bater\u00eda, resoluci\u00f3n de c\u00e1mara 720.<\/p>\n","protected":false},"featured_media":12617,"template":"","meta":[],"product_cat":[67],"product_tag":[259,318,117],"_links":{"self":[{"href":"https:\/\/tiendapl.com.ec\/index.php\/wp-json\/wp\/v2\/product\/12616"}],"collection":[{"href":"https:\/\/tiendapl.com.ec\/index.php\/wp-json\/wp\/v2\/product"}],"about":[{"href":"https:\/\/tiendapl.com.ec\/index.php\/wp-json\/wp\/v2\/types\/product"}],"version-history":[{"count":1,"href":"https:\/\/tiendapl.com.ec\/index.php\/wp-json\/wp\/v2\/product\/12616\/revisions"}],"predecessor-version":[{"id":12618,"href":"https:\/\/tiendapl.com.ec\/index.php\/wp-json\/wp\/v2\/product\/12616\/revisions\/12618"}],"wp:featuredmedia":[{"embeddable":true,"href":"https:\/\/tiendapl.com.ec\/index.php\/wp-json\/wp\/v2\/media\/12617"}],"wp:attachment":[{"href":"https:\/\/tiendapl.com.ec\/index.php\/wp-json\/wp\/v2\/media?parent=12616"}],"wp:term":[{"taxonomy":"product_cat","embeddable":true,"href":"https:\/\/tiendapl.com.ec\/index.php\/wp-json\/wp\/v2\/product_cat?post=12616"},{"taxonomy":"product_tag","embeddable":true,"href":"https:\/\/tiendapl.com.ec\/index.php\/wp-json\/wp\/v2\/product_tag?post=12616"}],"curies":[{"name":"wp","href":"https:\/\/api.w.org\/{rel}","templated":true}]}}