{"id":13461,"date":"2023-06-08T22:16:24","date_gmt":"2023-06-08T22:16:24","guid":{"rendered":"https:\/\/tiendapl.com.ec\/?post_type=product&#038;p=13461"},"modified":"2024-07-13T20:40:40","modified_gmt":"2024-07-13T20:40:40","slug":"lavadora-electrolux-22-kg","status":"publish","type":"product","link":"https:\/\/tiendapl.com.ec\/index.php\/product\/lavadora-electrolux-22-kg\/","title":{"rendered":"Lavadora Electrolux 22 KG"},"content":{"rendered":"","protected":false},"excerpt":{"rendered":"<p>Modelo: LS22I. Color: Silver. Lavadora Premium Care Electrolux tiene un dise\u00f1o moderno y trae como novedad el display Time Control. Esta lavadora cuenta con un Sistema de Lavado con Ciclos R\u00e1pidos que permite optimizar los programas de forma autom\u00e1tica.<\/p>\n","protected":false},"featured_media":13462,"template":"","meta":[],"product_cat":[74],"product_tag":[160,159],"_links":{"self":[{"href":"https:\/\/tiendapl.com.ec\/index.php\/wp-json\/wp\/v2\/product\/13461"}],"collection":[{"href":"https:\/\/tiendapl.com.ec\/index.php\/wp-json\/wp\/v2\/product"}],"about":[{"href":"https:\/\/tiendapl.com.ec\/index.php\/wp-json\/wp\/v2\/types\/product"}],"version-history":[{"count":1,"href":"https:\/\/tiendapl.com.ec\/index.php\/wp-json\/wp\/v2\/product\/13461\/revisions"}],"predecessor-version":[{"id":13463,"href":"https:\/\/tiendapl.com.ec\/index.php\/wp-json\/wp\/v2\/product\/13461\/revisions\/13463"}],"wp:featuredmedia":[{"embeddable":true,"href":"https:\/\/tiendapl.com.ec\/index.php\/wp-json\/wp\/v2\/media\/13462"}],"wp:attachment":[{"href":"https:\/\/tiendapl.com.ec\/index.php\/wp-json\/wp\/v2\/media?parent=13461"}],"wp:term":[{"taxonomy":"product_cat","embeddable":true,"href":"https:\/\/tiendapl.com.ec\/index.php\/wp-json\/wp\/v2\/product_cat?post=13461"},{"taxonomy":"product_tag","embeddable":true,"href":"https:\/\/tiendapl.com.ec\/index.php\/wp-json\/wp\/v2\/product_tag?post=13461"}],"curies":[{"name":"wp","href":"https:\/\/api.w.org\/{rel}","templated":true}]}}