{"id":13733,"date":"2023-09-24T20:58:12","date_gmt":"2023-09-24T20:58:12","guid":{"rendered":"https:\/\/tiendapl.com.ec\/?post_type=product&#038;p=13733"},"modified":"2023-09-24T20:58:12","modified_gmt":"2023-09-24T20:58:12","slug":"hornilla-proctor-silex-34106","status":"publish","type":"product","link":"https:\/\/tiendapl.com.ec\/index.php\/product\/hornilla-proctor-silex-34106\/","title":{"rendered":"Hornilla Proctor Silex 34106"},"content":{"rendered":"","protected":false},"excerpt":{"rendered":"<p>C\u00f3digo: 5H00024. Color blanco. Port\u00e1til y compacto. F\u00e1cil de limpiar.<\/p>\n","protected":false},"featured_media":13734,"template":"","meta":[],"product_cat":[65,72],"product_tag":[],"_links":{"self":[{"href":"https:\/\/tiendapl.com.ec\/index.php\/wp-json\/wp\/v2\/product\/13733"}],"collection":[{"href":"https:\/\/tiendapl.com.ec\/index.php\/wp-json\/wp\/v2\/product"}],"about":[{"href":"https:\/\/tiendapl.com.ec\/index.php\/wp-json\/wp\/v2\/types\/product"}],"version-history":[{"count":1,"href":"https:\/\/tiendapl.com.ec\/index.php\/wp-json\/wp\/v2\/product\/13733\/revisions"}],"predecessor-version":[{"id":13735,"href":"https:\/\/tiendapl.com.ec\/index.php\/wp-json\/wp\/v2\/product\/13733\/revisions\/13735"}],"wp:featuredmedia":[{"embeddable":true,"href":"https:\/\/tiendapl.com.ec\/index.php\/wp-json\/wp\/v2\/media\/13734"}],"wp:attachment":[{"href":"https:\/\/tiendapl.com.ec\/index.php\/wp-json\/wp\/v2\/media?parent=13733"}],"wp:term":[{"taxonomy":"product_cat","embeddable":true,"href":"https:\/\/tiendapl.com.ec\/index.php\/wp-json\/wp\/v2\/product_cat?post=13733"},{"taxonomy":"product_tag","embeddable":true,"href":"https:\/\/tiendapl.com.ec\/index.php\/wp-json\/wp\/v2\/product_tag?post=13733"}],"curies":[{"name":"wp","href":"https:\/\/api.w.org\/{rel}","templated":true}]}}