{"id":14210,"date":"2023-12-07T19:04:43","date_gmt":"2023-12-07T19:04:43","guid":{"rendered":"https:\/\/tiendapl.com.ec\/?post_type=product&#038;p=14210"},"modified":"2023-12-07T19:04:43","modified_gmt":"2023-12-07T19:04:43","slug":"ambientador-de-carro-2","status":"publish","type":"product","link":"https:\/\/tiendapl.com.ec\/index.php\/product\/ambientador-de-carro-2\/","title":{"rendered":"Ambientador de carro"},"content":{"rendered":"","protected":false},"excerpt":{"rendered":"<p>C\u00f3digo: TY-7857-F.<\/p>\n<p>Aleaci\u00f3n de aluminio de aviaci\u00f3n: Esta fragancia solar para coche est\u00e1 hecha de material de alta calidad que es resistente y duradero. Puede resistir la oxidaci\u00f3n y durar m\u00e1s que otras fragancias para autom\u00f3viles.<\/p>\n<p>Dise\u00f1o \u00fanico de rotaci\u00f3n autom\u00e1tica: Esta fragancia para coche cuenta con tecnolog\u00eda de detecci\u00f3n solar y de luz que le permite rotar autom\u00e1ticamente con la luz. Esto crea un efecto de f\u00fatbol suspendido que revela tu estilo deportivo y creativo.<\/p>\n","protected":false},"featured_media":14211,"template":"","meta":[],"product_cat":[98],"product_tag":[],"_links":{"self":[{"href":"https:\/\/tiendapl.com.ec\/index.php\/wp-json\/wp\/v2\/product\/14210"}],"collection":[{"href":"https:\/\/tiendapl.com.ec\/index.php\/wp-json\/wp\/v2\/product"}],"about":[{"href":"https:\/\/tiendapl.com.ec\/index.php\/wp-json\/wp\/v2\/types\/product"}],"version-history":[{"count":1,"href":"https:\/\/tiendapl.com.ec\/index.php\/wp-json\/wp\/v2\/product\/14210\/revisions"}],"predecessor-version":[{"id":14212,"href":"https:\/\/tiendapl.com.ec\/index.php\/wp-json\/wp\/v2\/product\/14210\/revisions\/14212"}],"wp:featuredmedia":[{"embeddable":true,"href":"https:\/\/tiendapl.com.ec\/index.php\/wp-json\/wp\/v2\/media\/14211"}],"wp:attachment":[{"href":"https:\/\/tiendapl.com.ec\/index.php\/wp-json\/wp\/v2\/media?parent=14210"}],"wp:term":[{"taxonomy":"product_cat","embeddable":true,"href":"https:\/\/tiendapl.com.ec\/index.php\/wp-json\/wp\/v2\/product_cat?post=14210"},{"taxonomy":"product_tag","embeddable":true,"href":"https:\/\/tiendapl.com.ec\/index.php\/wp-json\/wp\/v2\/product_tag?post=14210"}],"curies":[{"name":"wp","href":"https:\/\/api.w.org\/{rel}","templated":true}]}}