{"id":14586,"date":"2024-05-18T22:55:14","date_gmt":"2024-05-18T22:55:14","guid":{"rendered":"https:\/\/tiendapl.com.ec\/?post_type=product&#038;p=14586"},"modified":"2024-05-18T22:56:22","modified_gmt":"2024-05-18T22:56:22","slug":"microondas-hamilton-beach-25l","status":"publish","type":"product","link":"https:\/\/tiendapl.com.ec\/index.php\/product\/microondas-hamilton-beach-25l\/","title":{"rendered":"Microondas Hamilton beach 25L"},"content":{"rendered":"","protected":false},"excerpt":{"rendered":"<p>Modelo: P90D25AP-H6.<\/p>\n<ul>\n<li>Capacidad 25 litros \/ 0.9 pies c\u00fabicos<\/li>\n<li>900 watts de potencia<\/li>\n<li>10 niveles de potencia con 6 men\u00fa de cocci\u00f3n autom\u00e1tica<\/li>\n<li>Acero inoxidable con negro<\/li>\n<li>Puerta de vidrio templado<\/li>\n<\/ul>\n","protected":false},"featured_media":14588,"template":"","meta":[],"product_cat":[65,84],"product_tag":[],"_links":{"self":[{"href":"https:\/\/tiendapl.com.ec\/index.php\/wp-json\/wp\/v2\/product\/14586"}],"collection":[{"href":"https:\/\/tiendapl.com.ec\/index.php\/wp-json\/wp\/v2\/product"}],"about":[{"href":"https:\/\/tiendapl.com.ec\/index.php\/wp-json\/wp\/v2\/types\/product"}],"version-history":[{"count":1,"href":"https:\/\/tiendapl.com.ec\/index.php\/wp-json\/wp\/v2\/product\/14586\/revisions"}],"predecessor-version":[{"id":14587,"href":"https:\/\/tiendapl.com.ec\/index.php\/wp-json\/wp\/v2\/product\/14586\/revisions\/14587"}],"wp:featuredmedia":[{"embeddable":true,"href":"https:\/\/tiendapl.com.ec\/index.php\/wp-json\/wp\/v2\/media\/14588"}],"wp:attachment":[{"href":"https:\/\/tiendapl.com.ec\/index.php\/wp-json\/wp\/v2\/media?parent=14586"}],"wp:term":[{"taxonomy":"product_cat","embeddable":true,"href":"https:\/\/tiendapl.com.ec\/index.php\/wp-json\/wp\/v2\/product_cat?post=14586"},{"taxonomy":"product_tag","embeddable":true,"href":"https:\/\/tiendapl.com.ec\/index.php\/wp-json\/wp\/v2\/product_tag?post=14586"}],"curies":[{"name":"wp","href":"https:\/\/api.w.org\/{rel}","templated":true}]}}