{"id":14630,"date":"2024-05-21T16:36:04","date_gmt":"2024-05-21T16:36:04","guid":{"rendered":"https:\/\/tiendapl.com.ec\/?post_type=product&#038;p=14630"},"modified":"2024-05-21T16:36:04","modified_gmt":"2024-05-21T16:36:04","slug":"buho-recargable","status":"publish","type":"product","link":"https:\/\/tiendapl.com.ec\/index.php\/product\/buho-recargable\/","title":{"rendered":"B\u00faho recargable"},"content":{"rendered":"","protected":false},"excerpt":{"rendered":"<p>C\u00f3digo: FG-166. B\u00faho recargable con luz led solar para exteriores.<\/p>\n","protected":false},"featured_media":14631,"template":"","meta":[],"product_cat":[86,68],"product_tag":[],"_links":{"self":[{"href":"https:\/\/tiendapl.com.ec\/index.php\/wp-json\/wp\/v2\/product\/14630"}],"collection":[{"href":"https:\/\/tiendapl.com.ec\/index.php\/wp-json\/wp\/v2\/product"}],"about":[{"href":"https:\/\/tiendapl.com.ec\/index.php\/wp-json\/wp\/v2\/types\/product"}],"version-history":[{"count":1,"href":"https:\/\/tiendapl.com.ec\/index.php\/wp-json\/wp\/v2\/product\/14630\/revisions"}],"predecessor-version":[{"id":14632,"href":"https:\/\/tiendapl.com.ec\/index.php\/wp-json\/wp\/v2\/product\/14630\/revisions\/14632"}],"wp:featuredmedia":[{"embeddable":true,"href":"https:\/\/tiendapl.com.ec\/index.php\/wp-json\/wp\/v2\/media\/14631"}],"wp:attachment":[{"href":"https:\/\/tiendapl.com.ec\/index.php\/wp-json\/wp\/v2\/media?parent=14630"}],"wp:term":[{"taxonomy":"product_cat","embeddable":true,"href":"https:\/\/tiendapl.com.ec\/index.php\/wp-json\/wp\/v2\/product_cat?post=14630"},{"taxonomy":"product_tag","embeddable":true,"href":"https:\/\/tiendapl.com.ec\/index.php\/wp-json\/wp\/v2\/product_tag?post=14630"}],"curies":[{"name":"wp","href":"https:\/\/api.w.org\/{rel}","templated":true}]}}