{"id":14942,"date":"2024-06-03T22:31:47","date_gmt":"2024-06-03T22:31:47","guid":{"rendered":"https:\/\/tiendapl.com.ec\/?post_type=product&#038;p=14942"},"modified":"2024-06-03T22:31:48","modified_gmt":"2024-06-03T22:31:48","slug":"mini-batidor","status":"publish","type":"product","link":"https:\/\/tiendapl.com.ec\/index.php\/product\/mini-batidor\/","title":{"rendered":"Mini batidor"},"content":{"rendered":"","protected":false},"excerpt":{"rendered":"<p>C\u00f3digo: PL-795. El batidor manual a pilas es un utensilio de cocina vers\u00e1til y pr\u00e1ctico, perfecto para preparar cappuccino, malteadas, chocolate, late machiatto, tragos, postres, cremas y omelettes.<\/p>\n","protected":false},"featured_media":14943,"template":"","meta":[],"product_cat":[108,65],"product_tag":[],"_links":{"self":[{"href":"https:\/\/tiendapl.com.ec\/index.php\/wp-json\/wp\/v2\/product\/14942"}],"collection":[{"href":"https:\/\/tiendapl.com.ec\/index.php\/wp-json\/wp\/v2\/product"}],"about":[{"href":"https:\/\/tiendapl.com.ec\/index.php\/wp-json\/wp\/v2\/types\/product"}],"version-history":[{"count":2,"href":"https:\/\/tiendapl.com.ec\/index.php\/wp-json\/wp\/v2\/product\/14942\/revisions"}],"predecessor-version":[{"id":14945,"href":"https:\/\/tiendapl.com.ec\/index.php\/wp-json\/wp\/v2\/product\/14942\/revisions\/14945"}],"wp:featuredmedia":[{"embeddable":true,"href":"https:\/\/tiendapl.com.ec\/index.php\/wp-json\/wp\/v2\/media\/14943"}],"wp:attachment":[{"href":"https:\/\/tiendapl.com.ec\/index.php\/wp-json\/wp\/v2\/media?parent=14942"}],"wp:term":[{"taxonomy":"product_cat","embeddable":true,"href":"https:\/\/tiendapl.com.ec\/index.php\/wp-json\/wp\/v2\/product_cat?post=14942"},{"taxonomy":"product_tag","embeddable":true,"href":"https:\/\/tiendapl.com.ec\/index.php\/wp-json\/wp\/v2\/product_tag?post=14942"}],"curies":[{"name":"wp","href":"https:\/\/api.w.org\/{rel}","templated":true}]}}