{"id":15008,"date":"2024-06-04T23:13:19","date_gmt":"2024-06-04T23:13:19","guid":{"rendered":"https:\/\/tiendapl.com.ec\/?post_type=product&#038;p=15008"},"modified":"2024-06-04T23:13:19","modified_gmt":"2024-06-04T23:13:19","slug":"microfono-inalambrico-k8","status":"publish","type":"product","link":"https:\/\/tiendapl.com.ec\/index.php\/product\/microfono-inalambrico-k8\/","title":{"rendered":"Micr\u00f3fono Inal\u00e1mbrico K8"},"content":{"rendered":"","protected":false},"excerpt":{"rendered":"<p>C\u00f3digo: MICROFONO-K8. El micr\u00f3fono inal\u00e1mbrico fue dise\u00f1ado para brindar una alta calidad de sonido para que todos puedan escuchar su discurso claro y conciso. Entrada del micr\u00f3fono tipo C.<\/p>\n","protected":false},"featured_media":15009,"template":"","meta":[],"product_cat":[66],"product_tag":[],"_links":{"self":[{"href":"https:\/\/tiendapl.com.ec\/index.php\/wp-json\/wp\/v2\/product\/15008"}],"collection":[{"href":"https:\/\/tiendapl.com.ec\/index.php\/wp-json\/wp\/v2\/product"}],"about":[{"href":"https:\/\/tiendapl.com.ec\/index.php\/wp-json\/wp\/v2\/types\/product"}],"version-history":[{"count":1,"href":"https:\/\/tiendapl.com.ec\/index.php\/wp-json\/wp\/v2\/product\/15008\/revisions"}],"predecessor-version":[{"id":15010,"href":"https:\/\/tiendapl.com.ec\/index.php\/wp-json\/wp\/v2\/product\/15008\/revisions\/15010"}],"wp:featuredmedia":[{"embeddable":true,"href":"https:\/\/tiendapl.com.ec\/index.php\/wp-json\/wp\/v2\/media\/15009"}],"wp:attachment":[{"href":"https:\/\/tiendapl.com.ec\/index.php\/wp-json\/wp\/v2\/media?parent=15008"}],"wp:term":[{"taxonomy":"product_cat","embeddable":true,"href":"https:\/\/tiendapl.com.ec\/index.php\/wp-json\/wp\/v2\/product_cat?post=15008"},{"taxonomy":"product_tag","embeddable":true,"href":"https:\/\/tiendapl.com.ec\/index.php\/wp-json\/wp\/v2\/product_tag?post=15008"}],"curies":[{"name":"wp","href":"https:\/\/api.w.org\/{rel}","templated":true}]}}