{"id":15152,"date":"2024-06-24T19:38:07","date_gmt":"2024-06-24T19:38:07","guid":{"rendered":"https:\/\/tiendapl.com.ec\/?post_type=product&#038;p=15152"},"modified":"2024-07-10T18:24:24","modified_gmt":"2024-07-10T18:24:24","slug":"cobertor-de-colchon-90-x-200","status":"publish","type":"product","link":"https:\/\/tiendapl.com.ec\/index.php\/product\/cobertor-de-colchon-90-x-200\/","title":{"rendered":"Cobertor de colch\u00f3n 90 x 200"},"content":{"rendered":"","protected":false},"excerpt":{"rendered":"<p>C\u00f3digo: PL-826. Dimensi\u00f3n: 90 x 200 cm<\/p>\n","protected":false},"featured_media":14615,"template":"","meta":[],"product_cat":[87,68],"product_tag":[],"_links":{"self":[{"href":"https:\/\/tiendapl.com.ec\/index.php\/wp-json\/wp\/v2\/product\/15152"}],"collection":[{"href":"https:\/\/tiendapl.com.ec\/index.php\/wp-json\/wp\/v2\/product"}],"about":[{"href":"https:\/\/tiendapl.com.ec\/index.php\/wp-json\/wp\/v2\/types\/product"}],"version-history":[{"count":1,"href":"https:\/\/tiendapl.com.ec\/index.php\/wp-json\/wp\/v2\/product\/15152\/revisions"}],"predecessor-version":[{"id":15155,"href":"https:\/\/tiendapl.com.ec\/index.php\/wp-json\/wp\/v2\/product\/15152\/revisions\/15155"}],"wp:featuredmedia":[{"embeddable":true,"href":"https:\/\/tiendapl.com.ec\/index.php\/wp-json\/wp\/v2\/media\/14615"}],"wp:attachment":[{"href":"https:\/\/tiendapl.com.ec\/index.php\/wp-json\/wp\/v2\/media?parent=15152"}],"wp:term":[{"taxonomy":"product_cat","embeddable":true,"href":"https:\/\/tiendapl.com.ec\/index.php\/wp-json\/wp\/v2\/product_cat?post=15152"},{"taxonomy":"product_tag","embeddable":true,"href":"https:\/\/tiendapl.com.ec\/index.php\/wp-json\/wp\/v2\/product_tag?post=15152"}],"curies":[{"name":"wp","href":"https:\/\/api.w.org\/{rel}","templated":true}]}}