{"id":15256,"date":"2024-07-05T20:11:41","date_gmt":"2024-07-05T20:11:41","guid":{"rendered":"https:\/\/tiendapl.com.ec\/?post_type=product&#038;p=15256"},"modified":"2024-07-05T20:11:41","modified_gmt":"2024-07-05T20:11:41","slug":"servilletero","status":"publish","type":"product","link":"https:\/\/tiendapl.com.ec\/index.php\/product\/servilletero\/","title":{"rendered":"Servilletero"},"content":{"rendered":"","protected":false},"excerpt":{"rendered":"<p>RB567. El dise\u00f1o \u00fanico y el patr\u00f3n de dibujos animados hacen que esta caja de pa\u00f1uelos destaque. Atraer la atenci\u00f3n.<\/p>\n","protected":false},"featured_media":15257,"template":"","meta":[],"product_cat":[108,65],"product_tag":[],"_links":{"self":[{"href":"https:\/\/tiendapl.com.ec\/index.php\/wp-json\/wp\/v2\/product\/15256"}],"collection":[{"href":"https:\/\/tiendapl.com.ec\/index.php\/wp-json\/wp\/v2\/product"}],"about":[{"href":"https:\/\/tiendapl.com.ec\/index.php\/wp-json\/wp\/v2\/types\/product"}],"version-history":[{"count":2,"href":"https:\/\/tiendapl.com.ec\/index.php\/wp-json\/wp\/v2\/product\/15256\/revisions"}],"predecessor-version":[{"id":15259,"href":"https:\/\/tiendapl.com.ec\/index.php\/wp-json\/wp\/v2\/product\/15256\/revisions\/15259"}],"wp:featuredmedia":[{"embeddable":true,"href":"https:\/\/tiendapl.com.ec\/index.php\/wp-json\/wp\/v2\/media\/15257"}],"wp:attachment":[{"href":"https:\/\/tiendapl.com.ec\/index.php\/wp-json\/wp\/v2\/media?parent=15256"}],"wp:term":[{"taxonomy":"product_cat","embeddable":true,"href":"https:\/\/tiendapl.com.ec\/index.php\/wp-json\/wp\/v2\/product_cat?post=15256"},{"taxonomy":"product_tag","embeddable":true,"href":"https:\/\/tiendapl.com.ec\/index.php\/wp-json\/wp\/v2\/product_tag?post=15256"}],"curies":[{"name":"wp","href":"https:\/\/api.w.org\/{rel}","templated":true}]}}