{"id":15619,"date":"2024-07-18T20:38:13","date_gmt":"2024-07-18T20:38:13","guid":{"rendered":"https:\/\/tiendapl.com.ec\/?post_type=product&#038;p=15619"},"modified":"2024-07-18T20:38:13","modified_gmt":"2024-07-18T20:38:13","slug":"plantilla-de-silicona","status":"publish","type":"product","link":"https:\/\/tiendapl.com.ec\/index.php\/product\/plantilla-de-silicona\/","title":{"rendered":"Plantilla de silicona"},"content":{"rendered":"","protected":false},"excerpt":{"rendered":"<p>C\u00f3digo: YG-1132. Plantilla ortop\u00e9dica de tal\u00f3n.<\/p>\n<p>&nbsp;<\/p>\n","protected":false},"featured_media":15620,"template":"","meta":[],"product_cat":[71],"product_tag":[],"_links":{"self":[{"href":"https:\/\/tiendapl.com.ec\/index.php\/wp-json\/wp\/v2\/product\/15619"}],"collection":[{"href":"https:\/\/tiendapl.com.ec\/index.php\/wp-json\/wp\/v2\/product"}],"about":[{"href":"https:\/\/tiendapl.com.ec\/index.php\/wp-json\/wp\/v2\/types\/product"}],"version-history":[{"count":1,"href":"https:\/\/tiendapl.com.ec\/index.php\/wp-json\/wp\/v2\/product\/15619\/revisions"}],"predecessor-version":[{"id":15621,"href":"https:\/\/tiendapl.com.ec\/index.php\/wp-json\/wp\/v2\/product\/15619\/revisions\/15621"}],"wp:featuredmedia":[{"embeddable":true,"href":"https:\/\/tiendapl.com.ec\/index.php\/wp-json\/wp\/v2\/media\/15620"}],"wp:attachment":[{"href":"https:\/\/tiendapl.com.ec\/index.php\/wp-json\/wp\/v2\/media?parent=15619"}],"wp:term":[{"taxonomy":"product_cat","embeddable":true,"href":"https:\/\/tiendapl.com.ec\/index.php\/wp-json\/wp\/v2\/product_cat?post=15619"},{"taxonomy":"product_tag","embeddable":true,"href":"https:\/\/tiendapl.com.ec\/index.php\/wp-json\/wp\/v2\/product_tag?post=15619"}],"curies":[{"name":"wp","href":"https:\/\/api.w.org\/{rel}","templated":true}]}}