{"id":15949,"date":"2025-01-24T19:05:42","date_gmt":"2025-01-24T19:05:42","guid":{"rendered":"https:\/\/tiendapl.com.ec\/?post_type=product&#038;p=15949"},"modified":"2025-02-20T19:33:35","modified_gmt":"2025-02-20T19:33:35","slug":"plancha-de-viaje-sokany","status":"publish","type":"product","link":"https:\/\/tiendapl.com.ec\/index.php\/product\/plancha-de-viaje-sokany\/","title":{"rendered":"Plancha de viaje Sokany"},"content":{"rendered":"","protected":false},"excerpt":{"rendered":"<p>C\u00f3digo:PL-1219. Plancha a vapor de mano, tipo de calentamiento r\u00e1pido, cable de 1.5 m, vapor potente planchando completamente la prenda, f\u00e1cil de usar. Ideal para viajes. Modelo:SK-3080<\/p>\n","protected":false},"featured_media":15950,"template":"","meta":[],"product_cat":[65],"product_tag":[186,391],"_links":{"self":[{"href":"https:\/\/tiendapl.com.ec\/index.php\/wp-json\/wp\/v2\/product\/15949"}],"collection":[{"href":"https:\/\/tiendapl.com.ec\/index.php\/wp-json\/wp\/v2\/product"}],"about":[{"href":"https:\/\/tiendapl.com.ec\/index.php\/wp-json\/wp\/v2\/types\/product"}],"version-history":[{"count":1,"href":"https:\/\/tiendapl.com.ec\/index.php\/wp-json\/wp\/v2\/product\/15949\/revisions"}],"predecessor-version":[{"id":15951,"href":"https:\/\/tiendapl.com.ec\/index.php\/wp-json\/wp\/v2\/product\/15949\/revisions\/15951"}],"wp:featuredmedia":[{"embeddable":true,"href":"https:\/\/tiendapl.com.ec\/index.php\/wp-json\/wp\/v2\/media\/15950"}],"wp:attachment":[{"href":"https:\/\/tiendapl.com.ec\/index.php\/wp-json\/wp\/v2\/media?parent=15949"}],"wp:term":[{"taxonomy":"product_cat","embeddable":true,"href":"https:\/\/tiendapl.com.ec\/index.php\/wp-json\/wp\/v2\/product_cat?post=15949"},{"taxonomy":"product_tag","embeddable":true,"href":"https:\/\/tiendapl.com.ec\/index.php\/wp-json\/wp\/v2\/product_tag?post=15949"}],"curies":[{"name":"wp","href":"https:\/\/api.w.org\/{rel}","templated":true}]}}