{"id":16323,"date":"2025-05-26T20:58:00","date_gmt":"2025-05-26T20:58:00","guid":{"rendered":"https:\/\/tiendapl.com.ec\/?post_type=product&#038;p=16323"},"modified":"2025-05-26T20:58:00","modified_gmt":"2025-05-26T20:58:00","slug":"sarten-turim-26-cm-2026-0726","status":"publish","type":"product","link":"https:\/\/tiendapl.com.ec\/index.php\/product\/sarten-turim-26-cm-2026-0726\/","title":{"rendered":"Sarten Turim 26 cm 2026\/0726"},"content":{"rendered":"","protected":false},"excerpt":{"rendered":"<p>C\u00f3digo: 56TRG1P. La sart\u00e9n Tramontina Turim en aluminio con revestimiento interno y externo con antiadherente Starflon Max roja 26 cent\u00edmetros de di\u00e1metro y 1,8 litros, podr\u00e1s incorporar practicidad en la preparaci\u00f3n de tus recetas. Est\u00e1 hecha de aluminio, tiene 1,2 mil\u00edmetros de espesor y un revestimiento interno y externo con antiadherente Starflon Max.<\/p>\n","protected":false},"featured_media":16324,"template":"","meta":[],"product_cat":[108,65],"product_tag":[],"_links":{"self":[{"href":"https:\/\/tiendapl.com.ec\/index.php\/wp-json\/wp\/v2\/product\/16323"}],"collection":[{"href":"https:\/\/tiendapl.com.ec\/index.php\/wp-json\/wp\/v2\/product"}],"about":[{"href":"https:\/\/tiendapl.com.ec\/index.php\/wp-json\/wp\/v2\/types\/product"}],"version-history":[{"count":1,"href":"https:\/\/tiendapl.com.ec\/index.php\/wp-json\/wp\/v2\/product\/16323\/revisions"}],"predecessor-version":[{"id":16325,"href":"https:\/\/tiendapl.com.ec\/index.php\/wp-json\/wp\/v2\/product\/16323\/revisions\/16325"}],"wp:featuredmedia":[{"embeddable":true,"href":"https:\/\/tiendapl.com.ec\/index.php\/wp-json\/wp\/v2\/media\/16324"}],"wp:attachment":[{"href":"https:\/\/tiendapl.com.ec\/index.php\/wp-json\/wp\/v2\/media?parent=16323"}],"wp:term":[{"taxonomy":"product_cat","embeddable":true,"href":"https:\/\/tiendapl.com.ec\/index.php\/wp-json\/wp\/v2\/product_cat?post=16323"},{"taxonomy":"product_tag","embeddable":true,"href":"https:\/\/tiendapl.com.ec\/index.php\/wp-json\/wp\/v2\/product_tag?post=16323"}],"curies":[{"name":"wp","href":"https:\/\/api.w.org\/{rel}","templated":true}]}}