{"id":16958,"date":"2026-04-07T20:16:49","date_gmt":"2026-04-07T20:16:49","guid":{"rendered":"https:\/\/tiendapl.com.ec\/?post_type=product&#038;p=16958"},"modified":"2026-04-07T20:16:49","modified_gmt":"2026-04-07T20:16:49","slug":"vitrina-frigorifica-innova-211l","status":"publish","type":"product","link":"https:\/\/tiendapl.com.ec\/index.php\/product\/vitrina-frigorifica-innova-211l\/","title":{"rendered":"Vitrina frigorifica Innova 211L"},"content":{"rendered":"","protected":false},"excerpt":{"rendered":"<p>C\u00f3digo: IN-PARROT211VITMI.<\/p>\n<ul>\n<li>Capacidad de 211 litros<\/li>\n<li>Dise\u00f1o vertical compacto que optimiza el \u00e1rea de exhibici\u00f3n.<\/li>\n<li>Exhibici\u00f3n frontal clara que mejora la visibilidad de los productos.<\/li>\n<li>Sistema de enfriamiento eficiente<\/li>\n<li>Parrillas internas organizadoras<\/li>\n<\/ul>\n","protected":false},"featured_media":16959,"template":"","meta":[],"product_cat":[65,75],"product_tag":[],"_links":{"self":[{"href":"https:\/\/tiendapl.com.ec\/index.php\/wp-json\/wp\/v2\/product\/16958"}],"collection":[{"href":"https:\/\/tiendapl.com.ec\/index.php\/wp-json\/wp\/v2\/product"}],"about":[{"href":"https:\/\/tiendapl.com.ec\/index.php\/wp-json\/wp\/v2\/types\/product"}],"version-history":[{"count":2,"href":"https:\/\/tiendapl.com.ec\/index.php\/wp-json\/wp\/v2\/product\/16958\/revisions"}],"predecessor-version":[{"id":16962,"href":"https:\/\/tiendapl.com.ec\/index.php\/wp-json\/wp\/v2\/product\/16958\/revisions\/16962"}],"wp:featuredmedia":[{"embeddable":true,"href":"https:\/\/tiendapl.com.ec\/index.php\/wp-json\/wp\/v2\/media\/16959"}],"wp:attachment":[{"href":"https:\/\/tiendapl.com.ec\/index.php\/wp-json\/wp\/v2\/media?parent=16958"}],"wp:term":[{"taxonomy":"product_cat","embeddable":true,"href":"https:\/\/tiendapl.com.ec\/index.php\/wp-json\/wp\/v2\/product_cat?post=16958"},{"taxonomy":"product_tag","embeddable":true,"href":"https:\/\/tiendapl.com.ec\/index.php\/wp-json\/wp\/v2\/product_tag?post=16958"}],"curies":[{"name":"wp","href":"https:\/\/api.w.org\/{rel}","templated":true}]}}